
4
Calculate the remainder when 436139 is divided by 72689.
5
What is the remainder when 98113 is divided by 6044?
1409
Calculate the remainder when 465214 is divided by 46446.
754
What is the remainder when 11246 is divided by 1225?
221
Calculate the remainder when 10638077 is divided by 32.
29
Calculate the remainder when 25094 is divided by 667.
415
What is the remainder when 935134726 is divided by 8?
6
Calculate the remainder when 145669 is divided by 28896.
1189
What is the remainder when 127532 is divided by 1620?
1172
Calculate the remainder when 5865071 is divided by 1.
0
What is the remainder when 1457781 is divided by 54?
51
What is the remainder when 3339988 is divided by 32?
20
Calculate the remainder when 237209 is divided by 1868.
1841
What is the remainder when 952146 is divided by 47604?
66
Calculate the remainder when 887169 is divided by 3884.
1617
What is the remainder when 24664186 is divided by 3333?
3319
What is the remainder when 419468 is divided by 61?
32
What is the remainder when 6197012 is divided by 28168?
52
What is the remainder when 2266886 is divided by 283360?
6
What is the remainder when 205196 is divided by 102298?
600
Calculate the remainder when 3119720 is divided by 1818.
32
What is the remainder when 966809 is divided by 418?
393
What is the remainder when 685198 is divided by 104?
46
Calculate the remainder when 279772 is divided by 279751.
21
What is the remainder when 3828805 is divided by 546971?
8
Calculate the remainder when 54120093 is divided by 13530019.
17
Calculate the remainder when 2926789 is divided by 1334.
1327
Calculate the remainder when 1474013 is divided by 1293.
1286
What is the remainder when 60944 is divided by 6076?
184
Calculate the remainder when 56577969 is divided by 374.
371
Calculate the remainder when 158031064 is divided by 12464.
8
Calculate the remainder when 88149825 is divided by 9503.
9500
Calculate the remainder when 12188619 is divided by 6028.
3
Calculate the remainder when 105688 is divided by 7770.
4678
What is the remainder when 11176541 is divided by 377?
376
Calculate the remainder when 553018 is divided by 944.
778
Calculate the remainder when 605768 is divided by 763.
709
Calculate the remainder when 5290116 is divided by 32.
4
Calculate the remainder when 103530222 is divided by 2875839.
18
What is the remainder when 2116635 is divided by 182?
157
What is the remainder when 310530839 is divided by 2465?
2464
What is the remainder when 198440 is divided by 224?
200
Calculate the remainder when 1448218 is divided by 62949.
391
Calculate the remainder when 59770 is divided by 11951.
15
Calculate the remainder when 235624080 is divided by 57.
45
Calculate the remainder when 154109417 is divided by 66.
11
What is the remainder when 95467796 is divided by 611973?
8
What is the remainder when 7571075 is divided by 1407?
8
What is the remainder when 187818 is divided by 5082?
4866
What is the remainder when 18190742 is divided by 6063577?
11
What is the remainder when 42884421 is divided by 18?
15
What is the remainder when 1577115 is divided by 341?
331
Calculate the remainder when 16214 is divided by 63.
23
What is the remainder when 29359951 is divided by 561?
16
What is the remainder when 18770 is divided by 9309?
152
What is the remainder when 3120423 is divided by 655?
3
What is the remainder when 1321785 is divided by 1321482?
303
Calculate the remainder when 447132297 is divided by 255.
252
What is the remainder when 27998250 is divided by 5553?
24
Calculate the remainder when 1501754 is divided by 375362.
306
What is the remainder when 2279114 is divided by 15619?
14359
Calculate the remainder when 421770 is divided by 202.
196
What is the remainder when 161648446 is divided by 19?
18
Calculate the remainder when 109375 is divided by 7279.
190
Calculate the remainder when 26627 is divided by 6178.
1915
What is the remainder when 15760887 is divided by 26?
25
Calculate the remainder when 141657 is divided by 1468.
729
What is the remainder when 1524509 is divided by 568?
565
Calculate the remainder when 181117 is divided by 254.
15
Calculate the remainder when 3226842 is divided by 153657.
45
Calculate the remainder when 199774 is divided by 576.
478
What is the remainder when 985359 is divided by 23?
16
Calculate the remainder when 67832935 is divided by 16958231.
11
Calculate the remainder when 372212 is divided by 33704.
1468
Calculate the remainder when 126425 is divided by 3736.
3137
What is the remainder when 22478202 is divided by 77511?
12
What is the remainder when 267363 is divided by 266610?
753
What is the remainder when 51837457 is divided by 6479680?
17
Calculate the remainder when 283047 is divided by 9759.
36
Calculate the remainder when 111492 is divided by 4127.
63
What is the remainder when 64459857 is divided by 636?
621
What is the remainder when 2382632450 is divided by 163?
162
Calculate the remainder when 1186619 is divided by 1186616.
3
Calculate the remainder when 85605 is divided by 61.
22
What is the remainder when 773244 is divided by 4543?
934
What is the remainder when 117344853 is divided by 39114951?
0
What is the remainder when 19530 is divided by 3689?
1085
Calculate the remainder when 1158216 is divided by 579050.
116
Calculate the remainder when 52678 is divided by 738.
280
Calculate the remainder when 65903851 is divided by 4036.
7
Calculate the remainder when 1114157 is divided by 867.
62
Calculate the remainder when 1883800 is divided by 735.
730
What is the remainder when 320658 is divided by 58?
34
Calculate the remainder when 377465 is divided by 2508.
1265
Calculate the remainder when 286392 is divided by 2072.
456
Calculate the remainder when 683654 is divided by 776.
774
Calculate the remainder when 11469968 is divided by 839.
838
What is the remainder when 23737 is divided by 7883?
88
What is the remainder when 141585790 is divided by 272?
270
Calculate the remainder when 2241 is divided by 132.
129
What is the remainder when 40543 is divided by 4938?
1039
What is the remainder when 2286604 is divided by 56?
12
What is the remainder when 3663453 is divided by 127?
11
Calculate the remainder when 26380977 is divided by 180.
177
Calculate the remainder when 33359 is divided by 1642.
519
Calculate the remainder when 2667625 is divided by 253.
246
Calculate the remainder when 554184 is divided by 657.
333
What is the remainder when 57869456 is divided by 3630?
3626
What is the remainder when 204917 is divided by 204070?
847
Calculate the remainder when 19051793 is divided by 302409.
26
Calculate the remainder when 18908761 is divided by 1181792.
89
Calculate the remainder when 631008 is divided by 385.
378
What is the remainder when 17223449 is divided by 794?
1
What is the remainder when 180947 is divided by 83?
7
What is the remainder when 168478 is divided by 405?
403
Calculate the remainder when 65298733 is divided by 235.
223
Calculate the remainder when 783528 is divided by 606.
576
Calculate the remainder when 643368 is divided by 91610.
2098
What is the remainder when 150862 is divided by 69?
28
What is the remainder when 9743110 is divided by 356?
102
Calculate the remainder when 16305635 is divided by 109.
107
Calculate the remainder when 32813 is divided by 291.
221
What is the remainder when 14969755 is divided by 748485?
55
What is the remainder when 2994335 is divided by 151?
5
What is the remainder when 9593577 is divided by 479678?
17
What is the remainder when 460678741 is divided by 21?
19
What is the remainder when 947510 is divided by 2520?
2510
What is the remainder when 16026 is divided by 1846?
1258
Calculate the remainder when 1805148 is divided by 289.
54
What is the remainder when 1368862 is divided by 59503?
293
What is the remainder when 8170 is divided by 991?
242
What is the remainder when 8304291 is divided by 122?
117
What is the remainder when 576398 is divided by 375?
23
Calculate the remainder when 205119 is divided by 1602.
63
Calculate the remainder when 151202 is divided by 966.
506
What is the remainder when 43109 is divided by 19396?
4317
Calculate the remainder when 81981555 is divided by 1389.
1386
What is the remainder when 36838431 is divided by 35?
21
Calculate the